 21*j + 18. List the prime factors of a(-5).
2, 163
Let z(r) = -r**3 + 6*r**2 + 2*r - 8. Let o be z(6). Suppose 2*w + 4*t - 176 = 0, -o*w = -3*t - 20 - 299. What are the prime factors of w?
2, 41
Let h be 2/(-6) + 184/12. Suppose 0 = -3*v + h. Suppose -v*f + 3*f + 56 = 0. List the prime factors of f.
2, 7
Let r(q) = q**2 + 6*q - 5. Let l be r(-7). Suppose 5*c - c = -8, -l*x + 4*c = -82. List the prime factors of x.
37
Let h(n) = 10*n**2 + 18*n + 14. What are the prime factors of h(7)?
2, 3, 5, 7
Let q = 704 + -677. Let f be ((-4)/3)/(2/(-144)). Let x = f - q. What are the prime factors of x?
3, 23
Suppose -21 = -2*a - 4*h + 871, 0 = -4*a + 3*h + 1729. List the prime factors of a.
2, 109
Let t = 131 + -75. Let p = t + 0. What are the prime factors of p?
2, 7
Let a(v) = 4*v**2 - 18*v + 66. List the prime factors of a(7).
2, 17
Suppose 0 = q - 3*q + x + 7, q - 4*x - 14 = 0. Suppose 0*w - 185 = -q*w + 5*a, -w + 73 = 4*a. List the prime factors of w.
5, 17
Suppose 2*i = 16*i - 14252. What are the prime factors of i?
2, 509
Let u(j) = j**3 - 3*j**2 + 4*j - 17. Let m be (5/(-6))/((-2)/12). What are the prime factors of u(m)?
53
Let v(r) = 4*r + 7. Let m(b) = -4*b - 8. Let y(w) = 3*m(w) + 4*v(w). Let n be y(-1). Suppose -2*f - 3*f + 35 = n. What are the prime factors of f?
7
Let p(y) = -353*y + 90. List the prime factors of p(-3).
3, 383
Let m be 3/(-4)*-4 + 607. Suppose -s = -6*s + m. List the prime factors of s.
2, 61
Suppose -41*c - 4372 = -212119. What are the prime factors of c?
3, 563
Suppose -n + 3 = 0, -4*r - 48 = -5*r - n. List the prime factors of (1 - 0) + 1/(5/r).
2, 5
Suppose -2*s - 2*z - 12 = 0, -5*z - 11 = -2*s + 5. List the prime factors of -3 - (248/s - (5 - 7)).
7, 17
Suppose -6*v + 6193 = 5*v. What are the prime factors of v?
563
Suppose 2*t = d + t - 4713, 0 = 4*d - 5*t - 18855. List the prime factors of d.
2, 3, 5, 157
Let h(g) = g**3 - 5*g + 4*g + 1 + 4 - 4*g**2. Suppose 2*n - 20 = -6*y + 2*y, 0 = 2*y + 4*n - 10. List the prime factors of h(y).
5
Suppose -z - 17 = -4*q - 0*z, -4*z = -3*q + 29. Let v(x) = 0*x - 2*x + 9*x - 1. What are the prime factors of v(q)?
2, 5
Let u be ((-8)/(-10))/((-6)/(-45)). Suppose -45 + u = -o. What are the prime factors of o?
3, 13
Let s(x) be the third derivative of -7*x**4/24 + 14*x**3/3 + 4*x**2. List the prime factors of s(-17).
3, 7
Let a = 431 - 116. List the prime factors of a.
3, 5, 7
Let d(a) = a**3 + 3*a**2 - 7*a. Let s be d(-5). Let w(o) = o**3 - 23*o**2 - o + 21. Let g be w(23). What are the prime factors of 1/2 + s/g?
2
Suppose -4*o = 4*q + 20 + 44, 0 = -2*o + 5*q - 60. Let h(r) = -2*r + 2. Let g be h(-4). What are the prime factors of (-684)/o + (-2)/g?
2, 17
Let m be -2 + 6 + -4 + 23. Let j = -15 + m. Suppose j*i + 90 = 11*i. What are the prime factors of i?
2, 3, 5
Let z = -569 - -932. What are the prime factors of z?
3, 11
Let r be -4*(0 + 0 - (-80)/(-64)). Suppose -7*a = -4*d - 5*a + 400, 4*d - r*a = 394. List the prime factors of d.
101
Suppose 8*j = 15*j - 147. What are the prime factors of (-14)/j*18*-9?
2, 3
Suppose 17507 - 3827 = 16*a. List the prime factors of a.
3, 5, 19
Let t(p) = -54*p**2 + p - 6. Let h(j) = -55*j**2 + 2*j - 7. Let y(o) = 3*h(o) - 4*t(o). List the prime factors of y(-1).
2, 13
Let v(f) be the second derivative of f**5/60 - f**4/12 - 4*f**2 - 8*f. Let u(x) be the first derivative of v(x). What are the prime factors of u(3)?
3
Suppose 6449 = 7*v - 9266. What are the prime factors of v?
5, 449
Suppose -3*t + 7 = -r, 11 = 5*t - 2*t - 5*r. Suppose -3 = -t*n + 103. Suppose -2*l + 3 = -n. List the prime factors of l.
2, 7
Let f(u) = -3*u**3 - 2*u**2 - u. Let m be f(-1). Let w(o) = -24*o - 32. Let a be w(-3). Suppose -4 = m*v - a. List the prime factors of v.
2, 3
What are the prime factors of (-35)/(-14) - 7203/(-2) - -3?
3607
Let k(v) = v**3 - 7*v**2 + 7*v - 5. Let n be k(6). List the prime factors of -4*(n - (-69)/(-2)).
2, 67
Suppose 346 = -4*y + 1246. What are the prime factors of y?
3, 5
List the prime factors of (-44)/(1141/(-161) - -7).
2, 11, 23
Let p be (-2)/13 + (-37999)/169. Let b = 463 + p. List the prime factors of b.
2, 7, 17
Suppose -x = 2*x + 6, -x + 134 = 4*v. Suppose q = -3*s + v + 89, 0 = s - 5*q - 41. List the prime factors of s.
41
Let w be (-1 + 0)/(4/(-8)). Let l be (4/(-8))/(w/(-20)). List the prime factors of (8/l)/(12/330).
2, 11
Let o(t) = -t**3 + 26*t**2 - 36*t + 40. What are the prime factors of o(22)?
2, 37
Suppose -23*a + 697 + 3719 = 0. List the prime factors of a.
2, 3
Let d(f) be the first derivative of -1/4*f**4 + 2*f**2 - 1/3*f**3 - 5 + 3*f. List the prime factors of d(-4).
5, 7
Let t(z) = -z**2 + 9*z + 9. Let b be t(9). Suppose -b*v = -2*v - 497. What are the prime factors of v?
71
Let n = 688 + -115. What are the prime factors of n?
3, 191
Suppose -122*z = -120*z - 8. Let w = 97 - -12. Suppose -v = -3*j + w + 16, 0 = 5*j + z*v - 214. What are the prime factors of j?
2, 3, 7
Suppose -54 = f - 4*g, 4*f + 238 = -0*f + 5*g. Let d = 224 - 121. Let r = d + f. What are the prime factors of r?
41
Let n(k) = -k**2 + 1 + 4*k**2 - 6 - k**2. List the prime factors of n(-5).
3, 5
Suppose g + 4*g = 3*c - 3660, 0 = 5*g - 15. What are the prime factors of c?
5, 7
Let d = -70 + 41. Let k be (-327)/6 - 45/30. Let o = d - k. List the prime factors of o.
3
Let n(k) = 45*k - 15. Let x be n(8). Suppose 87 = -3*t + x. Suppose 0 = g - t + 22. List the prime factors of g.
2
Let q = 1 - -14. Let j be (410/q)/(1/(-3)). Let f = j - -133. List the prime factors of f.
3, 17
Let m(b) = 2*b**2 - 5*b + 13. Suppose 13 = 4*v + h, -5*v + 3*h = -24 - 5. What are the prime factors of m(v)?
5
Let n(x) = x**2 + 21 - 26*x - 8 + 8*x + 8. List the prime factors of n(17).
2
Let o(z) = -2*z**3 + 6*z - 2. Let d be o(4). Let x = d + 74. List the prime factors of (2 + 0)/1 - x.
2, 17
Suppose -2*g - 3 = -7. Suppose 3*m = -2*s + 109, -s = 5*m + g*s - 180. List the prime factors of m.
3, 11
Suppose -1924 - 12684 = -22*y. List the prime factors of y.
2, 83
Let v = -9 - 57. Let h be v + 7/((-21)/9). Let j = 141 + h. List the prime factors of j.
2, 3
Let o be 15 + -18 - (-119 - (2 - 4)). Suppose 16 + o = m. List the prime factors of m.
2, 5, 13
Let w(i) = 2*i**3 + 33*i**2 + 14*i + 23. What are the prime factors of w(-8)?
3, 37
Suppose f + y - 3*y - 611 = 0, -4*f + 3*y = -2444. What are the prime factors of f?
13, 47
Suppose -i = a + 2*i + 11, 5*a + 3*i - 5 = 0. Let n = -1 + a. Suppose 0*x + 99 = n*x. What are the prime factors of x?
3, 11
Suppose d + 5*x + 467 = 3*d, 3*d + 5*x = 663. List the prime factors of d.
2, 113
Let v(y) = y**2 - 8. Let a be v(-4). Let o = -4 + a. Suppose 5*x = o*n - 74, -n + x + 12 = -6. What are the prime factors of n?
2
Suppose -2*r = m + m - 4, -2*m = r + 2. Suppose r*u = 2242 - 568. What are the prime factors of u?
3, 31
Suppose -149*x + 93280 = -39*x. What are the prime factors of x?
2, 53
Let c = 458 + 25. What are the prime factors of c?
3, 7, 23
Suppose 35 = -4*j - j. Suppose 5*b - 3*f + 145 = 2*f, 2*b - 4*f = -50. Let v = j - b. What are the prime factors of v?
2, 13
What are the prime factors of (4894/4)/((-62)/(-4) + -15)?
2447
Let h(u) = -3*u - 4. Let p be h(-4). Suppose -20 = 4*b + p. Let q = 32 - b. List the prime factors of q.
3, 13
Let p = 534 + -359. Let z = -388 + 388. Suppose -5*d - 2*d + p = z. List the prime factors of d.
5
Let m(y) = y**2 - 7*y + 5. Let w be m(7). Let h(t) = -t**2 + 2*t + 15. Let c be h(4). Suppose w*i = c + 33. List the prime factors of i.
2
Suppose 0 = 6*c - 1 - 29. Suppose 67 = 3*i - c*m, 5*i + m + 2*m - 123 = 0. Suppose -p + i = 3*p. List the prime factors of p.
2, 3
What are the prime factors of 3/21 - (-54082)/98?
2, 3, 23
Suppose 26*y - 27*y + 2*x + 1880 = 0, 5*y = -3*x + 9465. List the prime factors of y.
2, 3, 5, 7
Let v = -122 + 110. What are the prime factors of v*(-4*26/4 - -4)?
2, 3, 11
Suppose l + 0 = 5. Let a = 10 - l. Suppose -10 + 275 = a*s. List the prime factors of s.
53
Suppose 0 = 2*c + 10, -2*k - 15 = -4*k + 5*c. Let f = 15 - 11. Let i = f - k. List the prime factors of i.
3
Suppose -5*t - 3*y = -4*y - 1100, 0 = 2*y. Let h = 6 - 3. Suppose c = -h*c + t. What are the prime factors of c?
5, 11
Let g(d) be the second derivative of d**4/12 + d**3/6 - d**2 + 57*d. Let h be 2/(-3) - (-17)/3. What 